 p be m(-4). Suppose l + p*l = -r + 7, -2*l - 3*r = -15. List the prime factors of l.
2, 3
Let l be (-1)/(-4) + 189/12. Suppose -2*y + 60 = -y - 4*i, 3*i + 6 = 0. Suppose d = -q + 8, l = -4*q - 5*d + y. What are the prime factors of q?
2
Let q = 7 + -7. Suppose 5*l - 3*l - 10 = q. List the prime factors of l.
5
Let v = -11 - -11. Suppose 16 = -v*h + h. What are the prime factors of h?
2
Let i(x) = -x**2 - 3*x + 3. Let h be i(-3). Suppose -4*n = -3*y - 61, -2 = -5*y + h. List the prime factors of n.
2
Let j = -23 + 67. Let u = j + -29. What are the prime factors of u?
3, 5
Suppose 0 = -l + 3*m + 45, -5*l - 2*m = 2*m - 263. List the prime factors of l.
3, 17
Suppose 5*o = 3*c - 90, 3*o = 3*c - 51 - 33. List the prime factors of c.
5
Let o(w) = -w**2 + 7*w - 6. Let n be o(3). Let a = 18 + -9. Let c = a - n. What are the prime factors of c?
3
Suppose 3*v - 5*w = 4*v + 32, 0 = v - 4*w - 4. Let l(o) = -2*o - 6. What are the prime factors of l(v)?
2, 3
Suppose 2*b = 7*b. Suppose b = -k - k + 26. What are the prime factors of k?
13
Suppose 0 = 5*n - 7*n + 220. List the prime factors of n.
2, 5, 11
Suppose 3*m = -4*h + 3 - 9, m = -2*h - 4. Suppose -s = 4*w - 7 - 3, 3*w = 4*s - m. List the prime factors of s.
2
Suppose -4*w - 80 = -4*c, 6*w - c = 3*w - 50. Suppose 5*v + 2*j + 124 = 0, -2*j = -3*j + 3. Let q = w - v. What are the prime factors of q?
11
Let m = 16 + -12. Let p(j) = 3*j + 4. What are the prime factors of p(m)?
2
Let c be 7 + -1 + -14 + 11. Suppose 66 = c*v + 3*v. List the prime factors of v.
11
Suppose 3*u = 5 - 2. Let f be ((-12)/(-24))/((-2)/4). Let q = u - f. What are the prime factors of q?
2
Suppose -3*q + 8*q - 15 = 0. Suppose 3*r - 10 = -m + 4*r, r - 34 = -q*m. What are the prime factors of m?
11
Let a = 6 + -4. Suppose -m - a*m + 6 = 0. Suppose 5*j - m*j - 33 = 0. List the prime factors of j.
11
Suppose 4*d - 19 + 7 = 0. Let j = d + -3. Suppose -2*n + 3*z = n - 24, j = 5*z. What are the prime factors of n?
2
Let o(n) = -6 + 0*n + n - 8*n. List the prime factors of o(-5).
29
Suppose 0 + 12 = 6*x. Suppose l + w = 14, -2*w - 70 = -3*l + x*w. List the prime factors of l.
2, 3
Let k = 41 + -19. List the prime factors of k.
2, 11
Let c(a) = -5*a - 6. List the prime factors of c(-5).
19
Let d(r) = r**2 - 3*r - 12. List the prime factors of d(-8).
2, 19
Let x(g) = g**3 + 4*g**2 - 2*g - 1. Suppose 4*a = 6*a + 4. What are the prime factors of x(a)?
11
Let f(n) = n**2 - 3*n - 9. Let g be f(9). Suppose 0 = 3*p + 2*p - g. What are the prime factors of p?
3
List the prime factors of (-448)/(-9) + 8/36.
2, 5
Let k(m) be the third derivative of m**4/24 - m**3/6 + 2*m**2. Let r be k(1). What are the prime factors of 0 + r - (-40)/5?
2
Let s(f) = f**2 + 6*f - 2. Let i be s(5). Suppose 2*c = 5*r + i, 6 = r - 2*c + 15. What are the prime factors of 2/(2/r*-1)?
11
Suppose 0 = -j + 54 - 23. What are the prime factors of j?
31
Let n(p) = -9*p**3 + 0*p - 4*p + 3*p + 2*p**2. Let r be n(1). Let y(a) = -a**3 - 9*a**2 - 9*a - 5. What are the prime factors of y(r)?
3
Suppose -5*z - 10 + 40 = 0. Suppose 0 = -6*m - 10 - 20. Let s = z - m. What are the prime factors of s?
11
Suppose -5*b - 18 = -6*b. What are the prime factors of b?
2, 3
Let r = -186 + 343. What are the prime factors of r?
157
Suppose 17*n - 12*n = 0. Suppose -4*h + 53 + 63 = n. What are the prime factors of h?
29
Let m = 36 - 30. What are the prime factors of m?
2, 3
Suppose 0 = -4*f + 3*f + 2. Let h = 2 - f. Suppose 2*m + h*m = 10. What are the prime factors of m?
5
Let j be 6*(-6)/(-9)*3. Suppose 4*p = 3*p + j. List the prime factors of p.
2, 3
Let g(u) = -u**2 + 6*u + 3. What are the prime factors of g(6)?
3
Suppose 0 = -2*n + 3 + 1, -j = 3*n - 10. Suppose t = -j*t + 5. What are the prime factors of 9 - 3 - t*-1?
7
What are the prime factors of (-4)/(-18) + -6 + 2884/63?
2, 5
Let b = 73 + -7. Suppose 5*l + b = 2*i, -76 = -3*i + 3*l - 7*l. List the prime factors of i.
2, 7
Let w(s) = -s**3 - 4*s**2 - s. Let m be w(-4). Suppose v - 16 = -y, -32 = -m*y - v + 23. List the prime factors of y.
13
Let m = 74 - -231. List the prime factors of m.
5, 61
Suppose 4*f - 3*f = 2. Suppose 4*h - h + 2*c + 3 = 0, 4*h - 2*c + 4 = 0. List the prime factors of 0/(-3 - h) + f.
2
Let z be (4 + -6)/((-2)/4). Suppose -c + z*c = 117. List the prime factors of c.
3, 13
Suppose 20 = 5*t - 0*t. Suppose -i + 57 = 3*y + 2*i, 2*y - t*i = 32. List the prime factors of y.
2, 3
Suppose 4*o + 20 = -12. Let c be -1 + 3*o/(-6). Suppose -3*g - 2*a = -4*a - 18, -c*a = 0. List the prime factors of g.
2, 3
Let u be 2/3 + 28/3. Suppose -3*v = 4*a + 8, 0 = a + 4*v - 1 - u. Let h = a + 10. What are the prime factors of h?
5
Suppose -5*b + 81 = -2*b. Suppose 2*y + b = -3. List the prime factors of y/((-3 + 2)/1).
3, 5
Let j(o) = 16*o**3 + 2*o - 2. Let d be j(2). Suppose d = 8*p - 3*p. What are the prime factors of p?
2, 13
Let b = -51 - -230. Suppose 2*t = 2*h - 106, -b = -h - 2*h - t. What are the prime factors of h?
2, 29
Let d(q) = q**2 + 11*q + 11. Let k be d(-9). Let i(x) = 6*x + 8. Let l(a) = 7*a + 7. Let j(t) = 6*i(t) - 5*l(t). What are the prime factors of j(k)?
2, 3
Suppose -4*f + 0 + 8 = 0. Let a be (4/3)/(f/6). Suppose -2*m + 10 = 4*o, -3*o + 4*m - 6 = -a*o. List the prime factors of o.
2
Let s be -2 + (-2 - 0)/2. Let m(y) = 2 + 2*y + 1 - 5*y. List the prime factors of m(s).
2, 3
Let l(s) = 8*s - 8. Let v be l(6). Suppose -2*y = 4*q - 2*q - 50, y + 4*q = v. List the prime factors of y.
2, 5
Let f(h) = h**2 - 5*h + 7. List the prime factors of f(10).
3, 19
Suppose -4*o - 4 = 0, 0 = -4*s + o + 28 + 133. Let h(b) = 3*b**3 + 2*b**2 - 2*b + 1. Let f be h(2). Let x = s - f. List the prime factors of x.
11
Let v(q) = -1. Let a(d) = -d. Let s(f) = 6*a(f) - v(f). List the prime factors of s(-1).
7
Suppose -6*h + 11*h - 5*t - 455 = 0, -2*t - 10 = 0. What are the prime factors of h?
2, 43
Let n(x) = 4*x**2 - 2*x - 4. What are the prime factors of n(4)?
2, 13
Suppose 2*r + v = 151 + 502, 3*r = -3*v + 987. What are the prime factors of r?
2, 3
Suppose 0 = 6*w - 1304 + 230. What are the prime factors of w?
179
Let m(p) be the third derivative of p**4/24 - p**3/2 + 2*p**2. Let q be m(5). List the prime factors of 0 - q - -1*13.
11
Let x = 230 + -137. List the prime factors of x.
3, 31
Let u be 14/49*(7 - 0). List the prime factors of 1/u*6 - -6.
3
Let f = 28 - 9. Suppose -2*p + f = -p. List the prime factors of p.
19
Let g(p) = p**2 + 7*p + 4. What are the prime factors of g(-10)?
2, 17
List the prime factors of (-10 + -28)*6/(-4).
3, 19
Let w(c) = c - 5. Let v be w(-7). List the prime factors of (-112)/v - (-2)/3.
2, 5
Let r(d) = -4*d + 3. Let m(i) = 4*i - 4. Let s(n) = 6*m(n) + 5*r(n). What are the prime factors of s(5)?
11
Suppose 0 = 3*r + 2*n - 0*n - 5, -r + 5*n + 30 = 0. Let m = r + -6. Let g = m + 5. What are the prime factors of g?
2
Let y(r) = 14*r**2 - 4*r. What are the prime factors of y(2)?
2, 3
Let u(m) = m + 2. Let s be u(2). Let k(x) = x**3 - 5*x**2 + 5*x - 2. What are the prime factors of k(s)?
2
List the prime factors of 1/(-2 + 258/128).
2
Suppose 2*h = -h - 12. List the prime factors of 10*h/(16/(-6)).
3, 5
Suppose 0*b = -5*b + m + 42, 0 = 4*m + 8. List the prime factors of b.
2
Suppose -3*v - 714 = -5*l, l + 4*v = -6 + 158. List the prime factors of l.
2, 3
Let k(x) = x - 10. Let v be k(0). Let a be (-4)/v - 56/(-10). What are the prime factors of a/(-9) - 46/(-6)?
7
Let v = 57 - 34. Suppose -4*a - v - 1 = 0. What are the prime factors of ((-3)/a)/(2/52)?
13
Let j(l) be the third derivative of l**4/8 - l**3/6 + 3*l**2. List the prime factors of j(6).
17
Suppose 0 = -3*d + 5*j + 26, -3*d - 1 + 41 = 2*j. What are the prime factors of d?
2, 3
Let h(s) = 4*s - 9. Let j be h(8). Suppose -2*v = -q + 4*q - j, -2*v + 33 = 5*q. Suppose -3*o = -12, -5*o = -q*u - 2*o - 2. What are the prime factors of u?
2
Suppose 5*x + 0 = 25. Suppose -2*d - 3*y + 29 = 0, -x*d = -d - 3*y - 31. List the prime factors of d.
2, 5
Suppose -6*j + 120 = -j. Suppose -2*z - 3*z + x = -40, -5*x = -3*z + j. List the prime factors of z.
2
Let j(u) be the second derivative of -5*u**3/2 + 2*u. What are the prime factors of j(-1)?
3, 5
Suppose -p + 63 = 4*t, 51 + 234 = 5*p + 5*t. List the prime factors of p.
5, 11
Let b be (-5)/35 + (-24)/(-21). Let t(s) b